{"id":598,"date":"2013-08-04T13:35:04","date_gmt":"2013-08-04T13:35:04","guid":{"rendered":"http:\/\/marcboluda.com\/?page_id=598"},"modified":"2023-10-17T18:17:17","modified_gmt":"2023-10-17T18:17:17","slug":"maintenance","status":"publish","type":"page","link":"https:\/\/marcboluda.com\/?page_id=598","title":{"rendered":"MAINTENANCE"},"content":{"rendered":"<p style=\"text-align: left;\">Dans les soins apport\u00e9s a votre \u00a0instrument , une chose vraiment <span style=\"color: #ff9900;\">capitale<\/span> est le taux d&rsquo;hygrom\u00e9trie de l&rsquo;endroit ou s\u00e9journe votre instrument. Le taux id\u00e9al est 50 % d&rsquo;humidit\u00e9 dans l&rsquo;air environnant, cela se mesurant avec un Hygrom\u00e8tre , que l&rsquo;on peut se procurer facilement dans le commerce.<\/p>\n<p style=\"text-align: left;\">Mes instruments sont fabriqu\u00e9s avec un taux moyen de 45% d&rsquo;hygrom\u00e9trie dans la pi\u00e8ce ou ils sont mont\u00e9s. Les bois sont donc stabilis\u00e9s avec une certaine humidit\u00e9 ambiante, et poss\u00e8dent un certain volume.<\/p>\n<p style=\"text-align: left;\">Un s\u00e9jour prolong\u00e9 bien en dessous de ce taux entrainera une diminution de ce volume, et par cons\u00e9quence un retrait de la touche, un effondrement de la table, des risques de fentes, &#8230;..etc.<\/p>\n<p>A contrario, un s\u00e9jour a un taux bien sup\u00e9rieur, au del\u00e0\u00a0 de 65% , peut \u00e9galement provoquer des d\u00e9g\u00e2ts, tel qu&rsquo;un gonflement excessif\u00a0 des bois, accentuation du bomb\u00e9 de la table pouvant dans les cas extr\u00eames provoquer un arrachement du chevalet, un bomb\u00e9 arri\u00e8re du manche&#8230;etc<\/p>\n<p style=\"text-align: left;\">Un bois peut avoir \u00e9t\u00e9 stock\u00e9 et s\u00e9ch\u00e9 100 ans, il absorbe l&rsquo;humidit\u00e9 ambiante comme une \u00e9ponge.<\/p>\n<p>C&rsquo;est pourquoi, bien que stockant et s\u00e9chant mes bois de longues ann\u00e9es , il faille faire attention a ce fameux taux d&rsquo;hygrom\u00e9trie.<\/p>\n<p style=\"text-align: left;\">Pour \u00eatre s\u00fbr que votre instrument ne souffre pas, je vous conseille vivement de vous \u00e9quiper d&rsquo;un humidificateur, ou d\u00e9shumidificateur pour instrument. Il en existe diff\u00e9rents mod\u00e8les et voici quelques liens pour vous aider \u00e0 choisir.<\/p>\n<p style=\"text-align: left;\"><a title=\"oasis humidifier\" href=\"http:\/\/www.oasishumidifiers.com\/\" target=\"_blank\" rel=\"noopener\"><span style=\"color: #ffcc00;\"><span style=\"color: #3366ff;\">oasis humidifiers<\/span><\/span><\/a><\/p>\n<p style=\"text-align: left;\"><a title=\"planet wave\" href=\"http:\/\/www.amazon.fr\/Planet-Waves-Humidificateur-guitare-acoustique\/dp\/B0002D0COE\/ref=sr_1_1?ie=UTF8&amp;qid=1375626510&amp;sr=8-1&amp;keywords=humidificateur+guitare\" target=\"_blank\" rel=\"noopener\"><span style=\"color: #ffcc00;\"><span style=\"color: #3366ff;\">Planet wave humidificateur<\/span><\/span><\/a><\/p>\n<p>https:\/\/www.daddario.com\/products\/accessories\/humidification\/<\/p>\n<p style=\"text-align: left;\">Contrairement a ce que l&rsquo;on pourrait penser, l&rsquo;hiver est plus dangereux que l&rsquo;\u00e9t\u00e9.<\/p>\n<p style=\"text-align: left;\">En effet, lorsqu&rsquo;il g\u00e8le, l&rsquo;air est tr\u00e8s sec, et avec le chauffage \u00a0il est facile d&rsquo;avoir seulement 20, 25 % d&rsquo;hygrom\u00e9trie dans votre appartement.<\/p>\n<p style=\"text-align: left;\">A \u00e9viter donc:<\/p>\n<p style=\"text-align: left;\">#Laisser son instrument au soleil hiver comme \u00e9t\u00e9.<\/p>\n<p style=\"text-align: left;\">#Dans une voiture au soleil.<\/p>\n<p style=\"text-align: left;\">#Faire tr\u00e8s attention au chauffage par le sol.<\/p>\n<p style=\"text-align: left;\">#A cot\u00e9 de toutes sources de chaleur.<\/p>\n<p>#dans une ambiance trop humide .<\/p>\n<p>#dans une ambiance trop s\u00e8che.<\/p>\n<p style=\"text-align: left;\">En conclusion, si vous suivez ces quelques conseils, votre instrument ne bougera pratiquement pas, et vous le garderez ainsi de nombreuses ann\u00e9es en parfait \u00e9tat.<\/p>\n<h1 lang=\"fr-FR\"><span style=\"color: #ff0000;\">GARANTIE <\/span><\/h1>\n<p lang=\"fr-FR\"><span style=\"color: #ff0000;\"><span lang=\"fr-FR\">Une garantie limit\u00e9e de 1 ans est d\u00e9livr\u00e9e avec chaque guitare que je fabrique. elle est li\u00e9e au propri\u00e9taire d&rsquo;origine et n&rsquo;est valable que tant que je suis en activit\u00e9 en tant que luthier. elle couvre les mat\u00e9riaux et les d\u00e9fauts de fabrication, hors frais d&rsquo;envoi \u00e0 mon atelier, de mon atelier . Elle ne couvre pas l&rsquo;usure normale, les mauvaises manipulations, les alt\u00e9rations dues au stockage dans des conditions inappropri\u00e9es.<\/span> <span lang=\"fr-FR\">Je d\u00e9cline toute responsabilit\u00e9 pour les envois par messagerie, en cas de probl\u00e8me <\/span><span lang=\"fr-FR\">le seul interlocuteur<\/span> <span lang=\"fr-FR\">est l&rsquo;assurance de la compagnie de transport.<\/span><\/span><\/p>\n","protected":false},"excerpt":{"rendered":"<p>Dans les soins apport\u00e9s a votre \u00a0instrument , une chose vraiment capitale est le taux d&rsquo;hygrom\u00e9trie de l&rsquo;endroit ou s\u00e9journe votre instrument. Le taux id\u00e9al est 50 % d&rsquo;humidit\u00e9 dans l&rsquo;air environnant, cela se mesurant avec un Hygrom\u00e8tre , que l&rsquo;on peut se procurer facilement dans le commerce. Mes instruments sont fabriqu\u00e9s avec un taux [&hellip;]<\/p>\n","protected":false},"author":1,"featured_media":0,"parent":0,"menu_order":0,"comment_status":"open","ping_status":"open","template":"","meta":[],"_links":{"self":[{"href":"https:\/\/marcboluda.com\/index.php?rest_route=\/wp\/v2\/pages\/598"}],"collection":[{"href":"https:\/\/marcboluda.com\/index.php?rest_route=\/wp\/v2\/pages"}],"about":[{"href":"https:\/\/marcboluda.com\/index.php?rest_route=\/wp\/v2\/types\/page"}],"author":[{"embeddable":true,"href":"https:\/\/marcboluda.com\/index.php?rest_route=\/wp\/v2\/users\/1"}],"replies":[{"embeddable":true,"href":"https:\/\/marcboluda.com\/index.php?rest_route=%2Fwp%2Fv2%2Fcomments&post=598"}],"version-history":[{"count":17,"href":"https:\/\/marcboluda.com\/index.php?rest_route=\/wp\/v2\/pages\/598\/revisions"}],"predecessor-version":[{"id":1913,"href":"https:\/\/marcboluda.com\/index.php?rest_route=\/wp\/v2\/pages\/598\/revisions\/1913"}],"wp:attachment":[{"href":"https:\/\/marcboluda.com\/index.php?rest_route=%2Fwp%2Fv2%2Fmedia&parent=598"}],"curies":[{"name":"wp","href":"https:\/\/api.w.org\/{rel}","templated":true}]}}