{"id":208,"date":"2013-06-04T09:26:59","date_gmt":"2013-06-04T09:26:59","guid":{"rendered":"http:\/\/marcboluda.com\/?page_id=208"},"modified":"2017-11-09T11:51:02","modified_gmt":"2017-11-09T11:51:02","slug":"blog-2","status":"publish","type":"page","link":"https:\/\/marcboluda.com\/?page_id=208","title":{"rendered":"BLOG"},"content":{"rendered":"<p class=\"bigfest-titre\">Retrouvez moi dans la rubrique \u00ab\u00a0chez le luthier\u00a0\u00bb dans le dernier num\u00e9ro #58 de la revue<\/p>\n<p class=\"bigfest-titre\">GUITARIST ACOUSTIC<\/p>\n<p class=\"bigfest-titre\"><img decoding=\"async\" loading=\"lazy\" class=\"aligncenter size-full wp-image-1684\" src=\"http:\/\/marcboluda.com\/wp-content\/uploads\/2013\/06\/images.jpeg\" alt=\"\" width=\"197\" height=\"256\"><\/p>\n<p class=\"bigfest-titre\">&nbsp;<\/p>\n<p>&nbsp;<\/p>\n<p class=\"bigfest-titre\">&nbsp;<\/p>\n<p class=\"bigfest-titre\">Je serais pr\u00e9sent \u00e0 Bruxelles pendant l&rsquo;exposition de lutherie le 21 et 22 avril 2018 \u00e0 la \u00ab Maison Grand-Place \u00bb, situ\u00e9e \u00e0 deux pas du Th\u00e9\u00e2tre du Vaudeville, sur la Grand-Place elle-m\u00eame, l\u2019un des joyaux de Bruxelles, au<\/p>\n<h2 class=\"bigfest-titre\"><span class=\"title1\">Brussels International Guitar<\/span><br \/>\n<span class=\"title2\">Festival &amp; Competition<\/span><\/h2>\n<h2 class=\"bigfest-titre\"><span style=\"color: #3366ff;\"><a style=\"color: #3366ff;\" href=\"http:\/\/www.bigfest.be\/\">http:\/\/www.bigfest.be\/<\/a><\/span><\/h2>\n<p>&nbsp;<\/p>\n<h2 class=\"bigfest-titre\"><span class=\"title1\">&nbsp;<\/span><\/h2>\n<p><span class=\"title2\">&nbsp;<\/span><\/p>\n","protected":false},"excerpt":{"rendered":"<p>Retrouvez moi dans la rubrique \u00ab\u00a0chez le luthier\u00a0\u00bb dans le dernier num\u00e9ro #58 de la revue GUITARIST ACOUSTIC &nbsp; &nbsp; &nbsp; Je serais pr\u00e9sent \u00e0 Bruxelles pendant l&rsquo;exposition de lutherie le 21 et 22 avril 2018 \u00e0 la \u00ab Maison Grand-Place \u00bb, situ\u00e9e \u00e0 deux pas du Th\u00e9\u00e2tre du Vaudeville, sur la Grand-Place elle-m\u00eame, l\u2019un [&hellip;]<\/p>\n","protected":false},"author":1,"featured_media":0,"parent":0,"menu_order":0,"comment_status":"closed","ping_status":"open","template":"","meta":[],"_links":{"self":[{"href":"https:\/\/marcboluda.com\/index.php?rest_route=\/wp\/v2\/pages\/208"}],"collection":[{"href":"https:\/\/marcboluda.com\/index.php?rest_route=\/wp\/v2\/pages"}],"about":[{"href":"https:\/\/marcboluda.com\/index.php?rest_route=\/wp\/v2\/types\/page"}],"author":[{"embeddable":true,"href":"https:\/\/marcboluda.com\/index.php?rest_route=\/wp\/v2\/users\/1"}],"replies":[{"embeddable":true,"href":"https:\/\/marcboluda.com\/index.php?rest_route=%2Fwp%2Fv2%2Fcomments&post=208"}],"version-history":[{"count":14,"href":"https:\/\/marcboluda.com\/index.php?rest_route=\/wp\/v2\/pages\/208\/revisions"}],"predecessor-version":[{"id":1685,"href":"https:\/\/marcboluda.com\/index.php?rest_route=\/wp\/v2\/pages\/208\/revisions\/1685"}],"wp:attachment":[{"href":"https:\/\/marcboluda.com\/index.php?rest_route=%2Fwp%2Fv2%2Fmedia&parent=208"}],"curies":[{"name":"wp","href":"https:\/\/api.w.org\/{rel}","templated":true}]}}