{"id":2,"date":"2013-02-06T23:10:39","date_gmt":"2013-02-06T23:10:39","guid":{"rendered":"http:\/\/marcboluda.com\/?page_id=2"},"modified":"2026-03-28T14:07:40","modified_gmt":"2026-03-28T14:07:40","slug":"home","status":"publish","type":"page","link":"https:\/\/marcboluda.com\/","title":{"rendered":"HOME"},"content":{"rendered":"<h1>Qui suis je?<\/h1>\n<p>Je suis un luthier Fran\u00e7ais,et j\u2019ai install\u00e9 mon atelier en Provence, dans le sud de la France, depuis 1985.<br \/>J\u2019y fabrique des guitares, acoustiques, classique et folk, mais aussi des instruments a cordes doubles, tel que le bouzouki irlandais, le cistre, la mandoline\u2026<br \/>La recherche, d\u2019un instrument puissant et \u00e9quilibr\u00e9, se fait toujours dans le respect d\u2019un timbre riche et chaleureux.<br \/>Je ne travaille que des bois que je vais choisir moi m\u00eame, que je stocke pendant des ann\u00e9es, pour certains, plus de 20 ans\u2026\u2028La fabrication d\u2019une guitare est un processus lent, qui dure des mois, depuis le premier coup d\u2019outil jusqu\u2019\u00e0 l&rsquo;accordage .\u2028C\u2019est un travail de passionn\u00e9, tr\u00e8s loin du monde du tout jetable, et ce qui en sort est une petite partie du luthier, lui m\u00eame.<\/p>\n<p>\u00a0<\/p>\n<h3><img decoding=\"async\" loading=\"lazy\" class=\"aligncenter size-full wp-image-2014\" src=\"http:\/\/marcboluda.com\/wp-content\/uploads\/2026\/03\/PHOTO-marc-etabli--scaled.jpg\" alt=\"\" width=\"1904\" height=\"2560\" srcset=\"https:\/\/marcboluda.com\/wp-content\/uploads\/2026\/03\/PHOTO-marc-etabli--scaled.jpg 1904w, https:\/\/marcboluda.com\/wp-content\/uploads\/2026\/03\/PHOTO-marc-etabli--223x300.jpg 223w, https:\/\/marcboluda.com\/wp-content\/uploads\/2026\/03\/PHOTO-marc-etabli--761x1024.jpg 761w, https:\/\/marcboluda.com\/wp-content\/uploads\/2026\/03\/PHOTO-marc-etabli--768x1033.jpg 768w, https:\/\/marcboluda.com\/wp-content\/uploads\/2026\/03\/PHOTO-marc-etabli--1142x1536.jpg 1142w, https:\/\/marcboluda.com\/wp-content\/uploads\/2026\/03\/PHOTO-marc-etabli--1523x2048.jpg 1523w\" sizes=\"(max-width: 1904px) 100vw, 1904px\" \/><\/h3>\n<p>\u00a0<\/p>\n<h1><span style=\"color: #ff9900;\">\u00a0About me ?<\/span><\/h1>\n<h3><span style=\"color: #ff9900;\"><em>\u00a0I am a French luthier, and I have set up my workshop in Provence, in the south of France, since 1985.<\/em><\/span><br \/><span style=\"color: #ff9900;\"> <em>I build\u00a0 acoustic guitars,classical and folk, but also double stringed instruments, such as the Irish bouzouki, cittern, mandolin &#8230;<\/em><\/span><br \/><span style=\"color: #ff9900;\"> <em>The search for a powerful and balanced instrument is always carried out with respect for a rich and warm tone.<\/em><\/span><br \/><span style=\"color: #ff9900;\"> <em>I only work with woods that I will choose myself, that I store for years, for some more than 20 years\u2026 The making of a guitar is a slow process, which lasts for months, from the first tool stroke until the strings tuning. It&rsquo;s a passionate job, far away from\u00a0 <\/em><\/span><span class=\"Y2IQFc\" lang=\"en\" style=\"color: #ff9900;\">the world at all disposable<\/span><span style=\"color: #ff9900;\"><em>, and what comes out of it is a small part of the luthier himself.<\/em><\/span><\/h3>\n<hr \/><hr \/>\n<p>Je serais pr\u00e9sent aux festivals suivants:\u00a0<\/p>\n<p>\u00ab\u00a0Boulegan a l&rsquo;ostal\u00a0\u00bb\u00a0 3\/4\/5 avril 2026 , dans la petite salle cot\u00e9 pont .<\/p>\n<h5 class=\"edition\">\u00a0<\/h5>\n\n\n<figure class=\"wp-block-image\"><img alt=\"\"\/><\/figure>\n\n\n\n<figure class=\"wp-block-image\"><img alt=\"\"\/><\/figure>\n\n\n\n<figure class=\"wp-block-image\"><img alt=\"\"\/><\/figure>\n\n\n\n<figure class=\"wp-block-image size-large\"><a href=\"https:\/\/festivalboulegan.com\/\"><img decoding=\"async\" loading=\"lazy\" width=\"1020\" height=\"1024\" src=\"https:\/\/marcboluda.com\/wp-content\/uploads\/2026\/03\/affiche-boulegan-2026-1-1020x1024.jpg\" alt=\"\" class=\"wp-image-2011\" srcset=\"https:\/\/marcboluda.com\/wp-content\/uploads\/2026\/03\/affiche-boulegan-2026-1-1020x1024.jpg 1020w, https:\/\/marcboluda.com\/wp-content\/uploads\/2026\/03\/affiche-boulegan-2026-1-300x300.jpg 300w, https:\/\/marcboluda.com\/wp-content\/uploads\/2026\/03\/affiche-boulegan-2026-1-150x150.jpg 150w, https:\/\/marcboluda.com\/wp-content\/uploads\/2026\/03\/affiche-boulegan-2026-1-768x771.jpg 768w, https:\/\/marcboluda.com\/wp-content\/uploads\/2026\/03\/affiche-boulegan-2026-1-1529x1536.jpg 1529w, https:\/\/marcboluda.com\/wp-content\/uploads\/2026\/03\/affiche-boulegan-2026-1.jpg 1587w\" sizes=\"(max-width: 1020px) 100vw, 1020px\" \/><\/a><\/figure>\n\n\n\n<figure class=\"wp-block-image\"><img alt=\"\"\/><\/figure>\n\n\n\n<figure class=\"wp-block-image\"><img alt=\"\"\/><\/figure>\n","protected":false},"excerpt":{"rendered":"<p>Qui suis je? Je suis un luthier Fran\u00e7ais,et j\u2019ai install\u00e9 mon atelier en Provence, dans le sud de la France, depuis 1985.J\u2019y fabrique des guitares, acoustiques, classique et folk, mais aussi des instruments a cordes doubles, tel que le bouzouki irlandais, le cistre, la mandoline\u2026La recherche, d\u2019un instrument puissant et \u00e9quilibr\u00e9, se fait toujours dans [&hellip;]<\/p>\n","protected":false},"author":1,"featured_media":0,"parent":0,"menu_order":0,"comment_status":"closed","ping_status":"open","template":"","meta":[],"_links":{"self":[{"href":"https:\/\/marcboluda.com\/index.php?rest_route=\/wp\/v2\/pages\/2"}],"collection":[{"href":"https:\/\/marcboluda.com\/index.php?rest_route=\/wp\/v2\/pages"}],"about":[{"href":"https:\/\/marcboluda.com\/index.php?rest_route=\/wp\/v2\/types\/page"}],"author":[{"embeddable":true,"href":"https:\/\/marcboluda.com\/index.php?rest_route=\/wp\/v2\/users\/1"}],"replies":[{"embeddable":true,"href":"https:\/\/marcboluda.com\/index.php?rest_route=%2Fwp%2Fv2%2Fcomments&post=2"}],"version-history":[{"count":115,"href":"https:\/\/marcboluda.com\/index.php?rest_route=\/wp\/v2\/pages\/2\/revisions"}],"predecessor-version":[{"id":2016,"href":"https:\/\/marcboluda.com\/index.php?rest_route=\/wp\/v2\/pages\/2\/revisions\/2016"}],"wp:attachment":[{"href":"https:\/\/marcboluda.com\/index.php?rest_route=%2Fwp%2Fv2%2Fmedia&parent=2"}],"curies":[{"name":"wp","href":"https:\/\/api.w.org\/{rel}","templated":true}]}}